common factor of 86 and 430.
86
What is the greatest common divisor of 424 and 144?
8
What is the highest common factor of 20 and 140?
20
What is the greatest common factor of 25 and 62575?
25
Calculate the highest common divisor of 7539 and 3.
3
What is the highest common divisor of 11 and 660?
11
What is the highest common divisor of 406 and 29?
29
What is the highest common divisor of 200 and 1950?
50
Calculate the greatest common divisor of 955 and 5.
5
Calculate the highest common factor of 32 and 880.
16
Calculate the highest common divisor of 2272 and 426.
142
What is the greatest common factor of 310 and 434?
62
Calculate the greatest common divisor of 3177 and 45.
9
Calculate the greatest common factor of 495 and 110.
55
Calculate the highest common divisor of 1862 and 1197.
133
What is the highest common factor of 3 and 1143?
3
Calculate the highest common factor of 2057 and 17.
17
What is the greatest common divisor of 2198 and 42?
14
Calculate the highest common factor of 9542 and 26.
26
What is the greatest common divisor of 206 and 33372?
206
What is the highest common factor of 182 and 273?
91
Calculate the highest common factor of 16 and 232.
8
What is the greatest common factor of 110 and 220?
110
What is the greatest common factor of 3721 and 61?
61
Calculate the greatest common factor of 1824 and 1200.
48
What is the highest common divisor of 60492 and 284?
284
What is the highest common factor of 253 and 88?
11
What is the highest common factor of 10 and 16?
2
What is the greatest common divisor of 354 and 32?
2
Calculate the highest common factor of 387 and 43.
43
What is the highest common divisor of 44 and 36344?
44
What is the highest common divisor of 1 and 53?
1
What is the greatest common divisor of 3 and 21?
3
What is the highest common factor of 312 and 888?
24
Calculate the highest common divisor of 1146 and 9.
3
What is the greatest common factor of 800 and 150?
50
What is the greatest common divisor of 18 and 11862?
18
Calculate the greatest common factor of 12 and 2526.
6
What is the greatest common divisor of 308 and 980?
28
Calculate the greatest common divisor of 3836 and 56.
28
Calculate the greatest common divisor of 140 and 4564.
28
What is the highest common divisor of 304 and 56?
8
Calculate the greatest common divisor of 24 and 18276.
12
What is the highest common factor of 445 and 178?
89
Calculate the highest common factor of 88 and 18568.
88
What is the highest common factor of 10 and 10?
10
Calculate the greatest common factor of 81267 and 309.
309
What is the highest common factor of 143 and 5863?
143
Calculate the greatest common factor of 19 and 10279.
19
What is the greatest common factor of 304 and 114?
38
Calculate the greatest common divisor of 68 and 196.
4
Calculate the greatest common factor of 448 and 1554.
14
What is the greatest common factor of 170 and 425?
85
Calculate the highest common factor of 208 and 2652.
52
What is the highest common factor of 4344 and 16?
8
Calculate the highest common divisor of 30 and 30.
30
What is the highest common factor of 5 and 11?
1
What is the greatest common divisor of 140 and 7?
7
What is the highest common divisor of 42 and 18?
6
What is the greatest common factor of 34228 and 172?
172
Calculate the greatest common factor of 12114 and 54.
18
What is the greatest common divisor of 24 and 156?
12
What is the highest common factor of 37 and 3367?
37
Calculate the greatest common divisor of 924 and 273.
21
What is the greatest common factor of 3786 and 18?
6
What is the highest common factor of 925 and 111?
37
What is the highest common factor of 88447 and 367?
367
What is the highest common factor of 93 and 3?
3
Calculate the greatest common divisor of 35 and 25.
5
Calculate the highest common divisor of 246 and 6.
6
What is the highest common factor of 280 and 1240?
40
Calculate the highest common divisor of 64 and 56.
8
What is the highest common divisor of 28 and 119?
7
What is the greatest common factor of 184 and 2898?
46
What is the greatest common divisor of 80 and 540?
20
What is the highest common factor of 1956 and 12?
12
Calculate the highest common factor of 1400 and 2600.
200
Calculate the highest common divisor of 12 and 159.
3
Calculate the greatest common divisor of 72 and 63.
9
What is the greatest common divisor of 896 and 14?
14
Calculate the greatest common divisor of 114 and 24.
6
Calculate the greatest common factor of 1053 and 195.
39
Calculate the highest common divisor of 396 and 99.
99
Calculate the greatest common factor of 73 and 657.
73
What is the greatest common factor of 102 and 15742?
34
What is the greatest common divisor of 330 and 1782?
66
What is the highest common factor of 46 and 23?
23
What is the greatest common factor of 527 and 310?
31
What is the highest common divisor of 72 and 42?
6
What is the highest common divisor of 11 and 187?
11
Calculate the highest common divisor of 368 and 138.
46
Calculate the highest common factor of 143 and 44.
11
Calculate the highest common factor of 368 and 23.
23
What is the greatest common divisor of 366 and 9?
3
What is the highest common factor of 28 and 427?
7
Calculate the greatest common divisor of 57845 and 46.
23
What is the greatest common divisor of 11158 and 21?
7
What is the greatest common divisor of 22 and 66?
22
What is the highest common factor of 90 and 2730?
30
Calculate the highest common factor of 920 and 33488.
184
Calculate the highest common factor of 166 and 581.
83
Calculate the greatest common divisor of 2 and 61.
1
Calculate the greatest common factor of 595 and 85.
85
Calculate the greatest common divisor of 10 and 33080.
10
What is the highest common divisor of 1633 and 71?
71
Calculate the greatest common factor of 437 and 76.
19
Calculate the highest common divisor of 530 and 1440.
10
What is the greatest common factor of 534 and 246?
6
What is the highest common factor of 675 and 4275?
225
Calculate the greatest common divisor of 17687 and 23.
23
Calculate the highest common factor of 23655 and 15.
15
Calculate the greatest common divisor of 44 and 1012.
44
Calculate the greatest common factor of 63 and 513.
9
Calculate the greatest common factor of 1352 and 3224.
104
What is the greatest common divisor of 2540 and 5?
5
What is the greatest common divisor of 38 and 608?
38
Calculate the highest common factor of 1024 and 6.
2
What is the highest common factor of 45 and 10?
5
What is the highest common factor of 1671 and 9?
3
What is the greatest common factor of 54 and 1728?
54
What is the highest common factor of 2125 and 500?
125
Calculate the greatest common factor of 26 and 663.
13
Calculate the highest common divisor of 305 and 7198.
61
What is the greatest common divisor of 36 and 18?
18
Calculate the highest common divisor of 2668 and 644.
92
Calculate the greatest common divisor of 1343 and 136.
17
Calculate the highest common divisor of 11 and 2981.
11
Calculate the greatest common factor of 55 and 10.
5
What is the greatest common divisor of 2958 and 68?
34
Calculate the highest common factor of 70070 and 98.
98
What is the greatest common divisor of 152 and 21432?
152
Calculate the highest common factor of 62349 and 42.
21
What is the greatest common divisor of 108 and 216?
108
What is the highest common factor of 120 and 28920?
120
What is the highest common divisor of 882 and 2250?
18
What is the highest common factor of 784 and 80?
16
Calculate the highest common divisor of 3 and 258.
3
Calculate the highest common divisor of 22 and 77.
11
What is the highest common divisor of 4633 and 41?
41
What is the highest common factor of 945 and 30?
15
What is the highest common divisor of 594 and 216?
54
What is the greatest common divisor of 320 and 5?
5
Calculate the highest common factor of 187 and 407.
11
What is the greatest common factor of 40 and 56?
8
What is the greatest common factor of 2540 and 20?
20
What is the greatest common divisor of 699 and 3?
3
Calculate the greatest common divisor of 15 and 456.
3
Calculate the highest common factor of 160 and 6.
2
What is the highest common divisor of 104 and 5863?
13
What is the greatest common factor of 60 and 140?
20
What is the greatest common factor of 57 and 95?
19
What 